{"id":27,"date":"2023-05-09T12:28:58","date_gmt":"2023-05-09T12:28:58","guid":{"rendered":"https:\/\/sina-mueller.eu\/?page_id=27"},"modified":"2025-03-10T20:57:52","modified_gmt":"2025-03-10T20:57:52","slug":"in-progress","status":"publish","type":"page","link":"https:\/\/sina-mueller.eu\/","title":{"rendered":"in progress"},"content":{"rendered":"<p>[et_pb_section fb_built=&#8220;1&#8243; admin_label=&#8220;Page Title Section&#8220; _builder_version=&#8220;4.21.0&#8243; use_background_color_gradient=&#8220;on&#8220; background_color_gradient_direction=&#8220;90deg&#8220; background_color_gradient_stops=&#8220;#f4f4f4 0%|rgba(244,244,244,0) 80%&#8220; background_color_gradient_overlays_image=&#8220;on&#8220; background_color_gradient_start=&#8220;#f4f4f4&#8243; background_color_gradient_start_position=&#8220;50%&#8220; background_color_gradient_end=&#8220;rgba(244,244,244,0)&#8220; background_color_gradient_end_position=&#8220;80%&#8220; background_image=&#8220;https:\/\/sina-mueller.eu\/wp-content\/uploads\/2023\/05\/Sina_Gravatar2.png&#8220; background_position=&#8220;center_right&#8220; background_horizontal_offset=&#8220;-30%&#8220; background_blend=&#8220;lighten&#8220; custom_padding=&#8220;150px||150px|&#8220; hover_enabled=&#8220;0&#8243; background_last_edited=&#8220;on|desktop&#8220; background_size_phone=&#8220;contain&#8220; global_colors_info=&#8220;{}&#8220; sticky_enabled=&#8220;0&#8243; background_position_phone=&#8220;bottom_right&#8220; background_image_width_phone=&#8220;100%&#8220; background_image_height_phone=&#8220;42%&#8220; background_horizontal_offset_phone=&#8220;31%&#8220; background_vertical_offset_phone=&#8220;-6%&#8220; background_blend_phone=&#8220;normal&#8220; background_color_gradient_stops_phone=&#8220;#f4f4f4 0%|rgba(244,244,244,0) 0%&#8220; use_background_color_gradient_phone=&#8220;on&#8220; background_color_gradient_stops_tablet=&#8220;#f4f4f4 0%|rgba(244,244,244,0) 80%&#8220; use_background_color_gradient_tablet=&#8220;on&#8220; background_position_tablet=&#8220;bottom_left&#8220; background_vertical_offset_tablet=&#8220;-72%&#8220; background_horizontal_offset_tablet=&#8220;75%&#8220; background_size_tablet=&#8220;contain&#8220; background_image_width_tablet=&#8220;100%&#8220; background_image_height_tablet=&#8220;100%&#8220;][et_pb_row _builder_version=&#8220;4.16&#8243; background_color=&#8220;#383e59&#8243; background_size=&#8220;initial&#8220; background_position=&#8220;top_left&#8220; background_repeat=&#8220;repeat&#8220; max_width=&#8220;960px&#8220; custom_margin=&#8220;||40px|0px&#8220; custom_padding=&#8220;27px|40px||10%&#8220; animation_style=&#8220;slide&#8220; animation_direction=&#8220;left&#8220; animation_intensity_slide=&#8220;2%&#8220; border_radii=&#8220;||6px|6px|&#8220; border_width_right=&#8220;30px&#8220; border_color_right=&#8220;#bdada0&#8243; box_shadow_style=&#8220;preset3&#8243; box_shadow_vertical=&#8220;35px&#8220; box_shadow_blur=&#8220;70px&#8220; box_shadow_spread=&#8220;-35px&#8220; box_shadow_color=&#8220;rgba(0,0,0,0.6)&#8220; use_custom_width=&#8220;on&#8220; custom_width_px=&#8220;960px&#8220; global_colors_info=&#8220;{}&#8220;][et_pb_column type=&#8220;4_4&#8243; _builder_version=&#8220;4.16&#8243; custom_padding=&#8220;|||&#8220; custom_padding_tablet=&#8220;|||10%&#8220; custom_padding_last_edited=&#8220;off|desktop&#8220; global_colors_info=&#8220;{}&#8220; padding_tablet=&#8220;|||10%&#8220; padding_last_edited=&#8220;off|desktop&#8220; custom_padding__hover=&#8220;|||&#8220;][et_pb_text admin_label=&#8220;Title&#8220; _builder_version=&#8220;4.16&#8243; text_font=&#8220;||||||||&#8220; header_font=&#8220;Abhaya Libre|700|||||||&#8220; header_font_size=&#8220;70px&#8220; header_line_height=&#8220;1.2em&#8220; header_4_font=&#8220;||||||||&#8220; background_layout=&#8220;dark&#8220; custom_margin=&#8220;|||&#8220; custom_padding=&#8220;|||&#8220; header_font_size_tablet=&#8220;40px&#8220; header_font_size_phone=&#8220;&#8220; header_font_size_last_edited=&#8220;on|tablet&#8220; global_colors_info=&#8220;{}&#8220;]<\/p>\n<h1>Sina M\u00fcller | Autorin<\/h1>\n<p>[\/et_pb_text][\/et_pb_column][\/et_pb_row][et_pb_row column_structure=&#8220;1_2,1_2&#8243; _builder_version=&#8220;4.16&#8243; custom_padding=&#8220;70px||70px|&#8220; global_colors_info=&#8220;{}&#8220;][et_pb_column type=&#8220;1_2&#8243; _builder_version=&#8220;4.16&#8243; background_color=&#8220;#f4f4f4&#8243; custom_padding=&#8220;|||&#8220; custom_padding_tablet=&#8220;40px|40px|40px|40px&#8220; custom_padding_phone=&#8220;40px|40px|40px|40px&#8220; custom_padding_last_edited=&#8220;on|tablet&#8220; global_colors_info=&#8220;{}&#8220; padding_tablet=&#8220;40px|40px|40px|40px&#8220; padding_last_edited=&#8220;on|tablet&#8220; custom_padding__hover=&#8220;|||&#8220; padding_phone=&#8220;40px|40px|40px|40px&#8220;][et_pb_text admin_label=&#8220;Title&#8220; _builder_version=&#8220;4.16&#8243; text_font=&#8220;Nunito|600|||||||&#8220; text_font_size=&#8220;15px&#8220; header_font=&#8220;||||||||&#8220; header_font_size=&#8220;80px&#8220; header_2_font=&#8220;Abhaya Libre|700|||||||&#8220; header_2_font_size=&#8220;64px&#8220; header_2_line_height=&#8220;1.2em&#8220; header_4_font=&#8220;Nunito|700||on|||||&#8220; header_4_text_color=&#8220;#bda392&#8243; header_4_letter_spacing=&#8220;2px&#8220; header_4_line_height=&#8220;1.8em&#8220; header_6_font=&#8220;Nunito|600|||||||&#8220; header_6_text_color=&#8220;#666666&#8243; header_6_font_size=&#8220;18px&#8220; header_6_line_height=&#8220;1.4em&#8220; max_width=&#8220;600px&#8220; custom_margin=&#8220;||40px|&#8220; custom_padding=&#8220;0px|||||&#8220; animation_style=&#8220;slide&#8220; animation_direction=&#8220;right&#8220; animation_intensity_slide=&#8220;5%&#8220; animation_starting_opacity=&#8220;100%&#8220; header_font_size_tablet=&#8220;40px&#8220; header_font_size_phone=&#8220;&#8220; header_font_size_last_edited=&#8220;on|tablet&#8220; header_2_font_size_tablet=&#8220;40px&#8220; header_2_font_size_phone=&#8220;&#8220; header_2_font_size_last_edited=&#8220;on|tablet&#8220; locked=&#8220;off&#8220; global_colors_info=&#8220;{}&#8220;]<\/p>\n<h4>Hallo \u00b7 Welcome \u00b7 Gr\u00fcezi<\/h4>\n<h2>Aktuell in Arbeit&#8230;<\/h2>\n<p>[\/et_pb_text][et_pb_text _builder_version=&#8220;4.16&#8243; text_font=&#8220;Nunito||||||||&#8220; text_font_size=&#8220;18px&#8220; text_line_height=&#8220;1.8em&#8220; header_font=&#8220;||||||||&#8220; max_width=&#8220;600px&#8220; custom_margin=&#8220;|||&#8220; custom_padding=&#8220;||10px|&#8220; animation_style=&#8220;slide&#8220; animation_direction=&#8220;right&#8220; animation_intensity_slide=&#8220;5%&#8220; animation_starting_opacity=&#8220;100%&#8220; locked=&#8220;off&#8220; global_colors_info=&#8220;{}&#8220;]<\/p>\n<p>&#8230;aber schon sehr bald wird hier meine neue Internetpr\u00e4senz zu sehen sein. \u00d6fter mal wieder reinschauen. Es lohnt sich.<\/p>\n<p>[\/et_pb_text][et_pb_social_media_follow _builder_version=&#8220;4.21.0&#8243; animation_style=&#8220;slide&#8220; animation_direction=&#8220;top&#8220; animation_intensity_slide=&#8220;10%&#8220; locked=&#8220;off&#8220; global_colors_info=&#8220;{}&#8220;][et_pb_social_media_follow_network social_network=&#8220;facebook&#8220; url=&#8220;https:\/\/www.facebook.com\/sinamuellerautorin\/?locale=de_DE&#8220; _builder_version=&#8220;4.21.0&#8243; background_color=&#8220;rgba(189,173,160,0.6)&#8220; custom_margin=&#8220;4px|4px|4px|4px&#8220; custom_padding=&#8220;8px|8px|8px|8px&#8220; global_colors_info=&#8220;{}&#8220; follow_button=&#8220;off&#8220; url_new_window=&#8220;on&#8220;]facebook[\/et_pb_social_media_follow_network][et_pb_social_media_follow_network social_network=&#8220;instagram&#8220; url=&#8220;https:\/\/www.instagram.com\/sinamuellerautorin\/?hl=de&#8220; _builder_version=&#8220;4.21.0&#8243; background_color=&#8220;rgba(189,173,160,0.6)&#8220; background_enable_color=&#8220;on&#8220; custom_margin=&#8220;4px|4px|4px|4px&#8220; custom_padding=&#8220;8px|8px|8px|8px&#8220; global_colors_info=&#8220;{}&#8220; follow_button=&#8220;off&#8220; url_new_window=&#8220;on&#8220;]instagram[\/et_pb_social_media_follow_network][\/et_pb_social_media_follow][\/et_pb_column][et_pb_column type=&#8220;1_2&#8243; _builder_version=&#8220;4.16&#8243; custom_padding=&#8220;|||&#8220; global_colors_info=&#8220;{}&#8220; custom_padding__hover=&#8220;|||&#8220;][\/et_pb_column][\/et_pb_row][\/et_pb_section][et_pb_section fb_built=&#8220;1&#8243; admin_label=&#8220;Footer Section&#8220; _builder_version=&#8220;4.16&#8243; background_color=&#8220;#22262d&#8220; custom_padding=&#8220;100px||100px|&#8220; global_colors_info=&#8220;{}&#8220;][et_pb_row column_structure=&#8220;1_3,1_3,1_3&#8243; custom_padding_last_edited=&#8220;on|phone&#8220; _builder_version=&#8220;4.16&#8243; background_color=&#8220;#bcaca0&#8243; custom_margin=&#8220;-10%|||&#8220; custom_padding=&#8220;70px|3%|70px|3%&#8220; custom_padding_tablet=&#8220;&#8220; custom_padding_phone=&#8220;&#8220; border_radii=&#8220;on|10px|10px|10px|10px&#8220; box_shadow_style=&#8220;preset2&#8243; box_shadow_horizontal=&#8220;0px&#8220; box_shadow_vertical=&#8220;35px&#8220; box_shadow_blur=&#8220;65px&#8220; box_shadow_color=&#8220;rgba(188,163,146,0.1)&#8220; global_colors_info=&#8220;{}&#8220;][et_pb_column type=&#8220;1_3&#8243; _builder_version=&#8220;4.16&#8243; custom_padding=&#8220;|||&#8220; global_colors_info=&#8220;{}&#8220; custom_padding__hover=&#8220;|||&#8220;][et_pb_blurb title=&#8220;Termine&#8220; use_icon=&#8220;on&#8220; font_icon=&#8220;&#xe023;||divi||400&#8243; icon_color=&#8220;#ffffff&#8220; image_icon_background_color=&#8220;rgba(189,173,160,0)&#8220; image_icon_width=&#8220;32px&#8220; admin_label=&#8220;Where To Buy&#8220; _builder_version=&#8220;4.21.0&#8243; header_font=&#8220;Abhaya Libre|700|||||||&#8220; header_text_color=&#8220;#ffffff&#8220; header_font_size=&#8220;24px&#8220; header_line_height=&#8220;1.2em&#8220; body_font=&#8220;Nunito||||||||&#8220; body_text_color=&#8220;#ffffff&#8220; body_font_size=&#8220;18px&#8220; image_icon_custom_padding=&#8220;25px|25px|25px|25px|false|false&#8220; text_orientation=&#8220;center&#8220; border_radii_image=&#8220;on|100%|100%|100%|100%&#8220; border_width_all_image=&#8220;3px&#8220; border_color_all_image=&#8220;#ffffff&#8220; icon_font_size=&#8220;32px&#8220; use_circle=&#8220;on&#8220; use_circle_border=&#8220;on&#8220; circle_border_color=&#8220;#ffffff&#8220; circle_color=&#8220;rgba(189,173,160,0)&#8220; global_colors_info=&#8220;{}&#8220; image_icon_background_color__sticky_enabled=&#8220;#7EBEC5&#8243; image_icon_background_color__sticky=&#8220;#7EBEC5&#8243;]<\/p>\n<p>Frankfurter Buchmesse 2024<\/p>\n<p>[\/et_pb_blurb][\/et_pb_column][et_pb_column type=&#8220;1_3&#8243; _builder_version=&#8220;4.16&#8243; custom_padding=&#8220;|||&#8220; global_colors_info=&#8220;{}&#8220; custom_padding__hover=&#8220;|||&#8220;][et_pb_blurb title=&#8220;Kontakt&#8220; use_icon=&#8220;on&#8220; font_icon=&#8220;&#xe08a;||divi||400&#8243; icon_color=&#8220;#ffffff&#8220; image_icon_background_color=&#8220;rgba(189,173,160,0)&#8220; image_icon_width=&#8220;32px&#8220; admin_label=&#8220;Contact Manager&#8220; _builder_version=&#8220;4.21.0&#8243; header_font=&#8220;Abhaya Libre|700|||||||&#8220; header_text_color=&#8220;#ffffff&#8220; header_font_size=&#8220;24px&#8220; header_line_height=&#8220;1.2em&#8220; body_font=&#8220;Nunito||||||||&#8220; body_text_color=&#8220;#ffffff&#8220; body_font_size=&#8220;18px&#8220; image_icon_custom_padding=&#8220;25px|25px|25px|25px|false|false&#8220; text_orientation=&#8220;center&#8220; border_radii_image=&#8220;on|100%|100%|100%|100%&#8220; border_width_all_image=&#8220;3px&#8220; border_color_all_image=&#8220;#ffffff&#8220; icon_font_size=&#8220;32px&#8220; use_circle=&#8220;on&#8220; use_circle_border=&#8220;on&#8220; circle_border_color=&#8220;#ffffff&#8220; circle_color=&#8220;rgba(189,173,160,0)&#8220; locked=&#8220;off&#8220; global_colors_info=&#8220;{}&#8220; image_icon_background_color__sticky_enabled=&#8220;#7EBEC5&#8243; image_icon_background_color__sticky=&#8220;#7EBEC5&#8243;]<\/p>\n<p>hallo@sina-mueller.eu<\/p>\n<p>[\/et_pb_blurb][\/et_pb_column][et_pb_column type=&#8220;1_3&#8243; _builder_version=&#8220;4.16&#8243; custom_padding=&#8220;|||&#8220; global_colors_info=&#8220;{}&#8220; custom_padding__hover=&#8220;|||&#8220;][et_pb_blurb title=&#8220;Agentur&#8220; use_icon=&#8220;on&#8220; font_icon=&#8220;&#xe026;||divi||400&#8243; icon_color=&#8220;#ffffff&#8220; image_icon_background_color=&#8220;rgba(189,173,160,0)&#8220; image_icon_width=&#8220;32px&#8220; admin_label=&#8220;Contact Author&#8220; _builder_version=&#8220;4.21.0&#8243; header_font=&#8220;Abhaya Libre|700|||||||&#8220; header_text_color=&#8220;#ffffff&#8220; header_font_size=&#8220;24px&#8220; header_line_height=&#8220;1.2em&#8220; body_font=&#8220;Nunito||||||||&#8220; body_text_color=&#8220;#ffffff&#8220; body_font_size=&#8220;18px&#8220; image_icon_custom_padding=&#8220;25px|25px|25px|25px|false|false&#8220; text_orientation=&#8220;center&#8220; border_radii_image=&#8220;on|100%|100%|100%|100%&#8220; border_width_all_image=&#8220;3px&#8220; border_color_all_image=&#8220;#ffffff&#8220; icon_font_size=&#8220;32px&#8220; use_circle=&#8220;on&#8220; use_circle_border=&#8220;on&#8220; circle_border_color=&#8220;#ffffff&#8220; circle_color=&#8220;rgba(189,173,160,0)&#8220; locked=&#8220;off&#8220; global_colors_info=&#8220;{}&#8220; image_icon_background_color__sticky_enabled=&#8220;#7EBEC5&#8243; image_icon_background_color__sticky=&#8220;#7EBEC5&#8243;]<\/p>\n<p><span>info@wort-weise.de<\/span><\/p>\n<p>[\/et_pb_blurb][\/et_pb_column][\/et_pb_row][et_pb_row _builder_version=&#8220;4.16&#8243; custom_padding=&#8220;40px|0px|40px|0px&#8220; global_colors_info=&#8220;{}&#8220;][et_pb_column type=&#8220;4_4&#8243; _builder_version=&#8220;4.16&#8243; custom_padding=&#8220;|||&#8220; global_colors_info=&#8220;{}&#8220; custom_padding__hover=&#8220;|||&#8220;][\/et_pb_column][\/et_pb_row][et_pb_row column_structure=&#8220;1_2,1_2&#8243; _builder_version=&#8220;4.21.0&#8243; _module_preset=&#8220;default&#8220; global_colors_info=&#8220;{}&#8220;][et_pb_column type=&#8220;1_2&#8243; _builder_version=&#8220;4.21.0&#8243; _module_preset=&#8220;default&#8220; global_colors_info=&#8220;{}&#8220;][et_pb_text admin_label=&#8220;Title&#8220; _builder_version=&#8220;4.21.0&#8243; text_font=&#8220;Nunito|600|||||||&#8220; text_font_size=&#8220;15px&#8220; header_font=&#8220;||||||||&#8220; header_text_color=&#8220;#FFFFFF&#8220; header_font_size=&#8220;80px&#8220; header_2_font=&#8220;Abhaya Libre|700|||||||&#8220; header_2_text_color=&#8220;#FFFFFF&#8220; header_2_font_size=&#8220;64px&#8220; header_2_line_height=&#8220;1.2em&#8220; header_4_font=&#8220;Nunito|700||on|||||&#8220; header_4_text_color=&#8220;#bda392&#8243; header_4_letter_spacing=&#8220;2px&#8220; header_4_line_height=&#8220;1.8em&#8220; header_6_font=&#8220;Nunito|600|||||||&#8220; header_6_text_color=&#8220;#666666&#8243; header_6_font_size=&#8220;18px&#8220; header_6_line_height=&#8220;1.4em&#8220; max_width=&#8220;600px&#8220; custom_margin=&#8220;||40px|&#8220; custom_padding=&#8220;0px|||||&#8220; animation_style=&#8220;slide&#8220; animation_direction=&#8220;right&#8220; animation_intensity_slide=&#8220;5%&#8220; animation_starting_opacity=&#8220;100%&#8220; header_font_size_tablet=&#8220;40px&#8220; header_font_size_phone=&#8220;&#8220; header_font_size_last_edited=&#8220;on|tablet&#8220; header_2_font_size_tablet=&#8220;40px&#8220; header_2_font_size_phone=&#8220;&#8220; header_2_font_size_last_edited=&#8220;on|tablet&#8220; locked=&#8220;off&#8220; global_colors_info=&#8220;{}&#8220;]<\/p>\n<h2>Newsletter<\/h2>\n<p>[\/et_pb_text][et_pb_text _builder_version=&#8220;4.21.0&#8243; _module_preset=&#8220;default&#8220; text_font=&#8220;Nunito||||||||&#8220; text_text_color=&#8220;#FFFFFF&#8220; text_font_size=&#8220;18px&#8220; text_line_height=&#8220;1.8em&#8220; header_font=&#8220;||||||||&#8220; max_width=&#8220;600px&#8220; custom_margin=&#8220;|||&#8220; custom_padding=&#8220;||10px|&#8220; animation_style=&#8220;slide&#8220; animation_direction=&#8220;right&#8220; animation_intensity_slide=&#8220;5%&#8220; animation_starting_opacity=&#8220;100%&#8220; global_colors_info=&#8220;{}&#8220;]<\/p>\n<p>Du willst immer auf dem Laufenden bleiben? Unver\u00f6ffentlichte Texte und Bonus-Storys lesen? Insights \u00fcber meinen Schreiballtag erhalten? Und durch meine pers\u00f6nlichen Buchtipps neue B\u00fccher entdecken? Dann abonniere meinen Newsletter. Ich schicke ihn in unregelm\u00e4\u00dfigen Abst\u00e4nden &#8211; immer dann, wenn es etwas zu erz\u00e4hlen gibt.<\/p>\n<p>[\/et_pb_text][\/et_pb_column][et_pb_column type=&#8220;1_2&#8243; _builder_version=&#8220;4.21.0&#8243; _module_preset=&#8220;default&#8220; global_colors_info=&#8220;{}&#8220;][et_pb_button button_url=&#8220;https:\/\/sibforms.com\/serve\/MUIFAOgvvNz6m63a5XoIYo9D1EPJVBfDijxUHkwnAjQlz8MYd4PUCZpL9y0SMgSazS8Cy1VWhR5yQ4xkCZRmJKW8iwJJ95ki1FX1GGhr2crnpiP8BKC9XVcz74SZPBNfIcSsk1shoxnsVMslnfyuQZLvdkzR4b8Ol_SYSL2QF3RH2EncKD5aBwK0H4RxV7wmUvVRnhkTeMmMdpFF&#8220; url_new_window=&#8220;on&#8220; button_text=&#8220;Abonnieren&#8220; button_alignment=&#8220;center&#8220; _builder_version=&#8220;4.21.0&#8243; _module_preset=&#8220;default&#8220; custom_button=&#8220;on&#8220; button_text_size=&#8220;14px&#8220; button_text_color=&#8220;#FFFFFF&#8220; button_bg_color=&#8220;#BDA392&#8243; button_border_width=&#8220;8px&#8220; button_border_color=&#8220;#BDA392&#8243; button_border_radius=&#8220;50px&#8220; button_letter_spacing=&#8220;2px&#8220; button_font=&#8220;Nunito|700||on|||||&#8220; button_icon=&#8220;&#x6c;||divi||400&#8243; background_layout=&#8220;dark&#8220; custom_margin=&#8220;200px||||false|false&#8220; custom_margin_tablet=&#8220;50px||||false|false&#8220; custom_margin_phone=&#8220;50px||||false|false&#8220; custom_margin_last_edited=&#8220;on|phone&#8220; animation_style=&#8220;fade&#8220; box_shadow_style=&#8220;preset2&#8243; box_shadow_horizontal=&#8220;0px&#8220; box_shadow_vertical=&#8220;25px&#8220; box_shadow_blur=&#8220;45px&#8220; box_shadow_color=&#8220;rgba(148,166,191,0.25)&#8220; global_colors_info=&#8220;{}&#8220;][\/et_pb_button][\/et_pb_column][\/et_pb_row][\/et_pb_section]<\/p>\n","protected":false},"excerpt":{"rendered":"<p>Sina M\u00fcller | AutorinHallo \u00b7 Welcome \u00b7 Gr\u00fcezi Aktuell in Arbeit&#8230;&#8230;aber schon sehr bald wird hier meine neue Internetpr\u00e4senz zu sehen sein. \u00d6fter mal wieder reinschauen. Es lohnt sich.Frankfurter Buchmesse 2024hallo@sina-mueller.euinfo@wort-weise.deNewsletterDu willst immer auf dem Laufenden bleiben? Unver\u00f6ffentlichte Texte und Bonus-Storys lesen? Insights \u00fcber meinen Schreiballtag erhalten? Und durch meine pers\u00f6nlichen Buchtipps neue B\u00fccher entdecken? [&hellip;]<\/p>\n","protected":false},"author":1,"featured_media":0,"parent":0,"menu_order":0,"comment_status":"closed","ping_status":"closed","template":"page-template-blank.php","meta":{"_et_pb_use_builder":"on","_et_pb_old_content":"","_et_gb_content_width":"","footnotes":""},"class_list":["post-27","page","type-page","status-publish","hentry"],"_links":{"self":[{"href":"https:\/\/sina-mueller.eu\/index.php?rest_route=\/wp\/v2\/pages\/27","targetHints":{"allow":["GET"]}}],"collection":[{"href":"https:\/\/sina-mueller.eu\/index.php?rest_route=\/wp\/v2\/pages"}],"about":[{"href":"https:\/\/sina-mueller.eu\/index.php?rest_route=\/wp\/v2\/types\/page"}],"author":[{"embeddable":true,"href":"https:\/\/sina-mueller.eu\/index.php?rest_route=\/wp\/v2\/users\/1"}],"replies":[{"embeddable":true,"href":"https:\/\/sina-mueller.eu\/index.php?rest_route=%2Fwp%2Fv2%2Fcomments&post=27"}],"version-history":[{"count":13,"href":"https:\/\/sina-mueller.eu\/index.php?rest_route=\/wp\/v2\/pages\/27\/revisions"}],"predecessor-version":[{"id":175,"href":"https:\/\/sina-mueller.eu\/index.php?rest_route=\/wp\/v2\/pages\/27\/revisions\/175"}],"wp:attachment":[{"href":"https:\/\/sina-mueller.eu\/index.php?rest_route=%2Fwp%2Fv2%2Fmedia&parent=27"}],"curies":[{"name":"wp","href":"https:\/\/api.w.org\/{rel}","templated":true}]}}